{"id":14,"date":"2020-02-04T18:10:08","date_gmt":"2020-02-04T17:10:08","guid":{"rendered":"http:\/\/wp.lacerisesurlecochon.fr\/?page_id=14"},"modified":"2025-06-11T11:22:48","modified_gmt":"2025-06-11T09:22:48","slug":"la-conserverie","status":"publish","type":"page","link":"https:\/\/www.lacerisesurlecochon.fr\/index.php\/la-conserverie\/","title":{"rendered":"Pr\u00e9sentation de la Conserverie"},"content":{"rendered":"\n<figure class=\"wp-block-gallery aligncenter has-nested-images columns-4 wp-block-gallery-1 is-layout-flex wp-block-gallery-is-layout-flex\">\n<figure class=\"wp-block-image size-large\"><img loading=\"lazy\" decoding=\"async\" width=\"1020\" height=\"980\" data-id=\"807\" src=\"https:\/\/www.lacerisesurlecochon.fr\/wp-content\/uploads\/2025\/06\/Vin.jpg\" alt=\"Pr\u00e9paration de la recette avec un vin local\" class=\"wp-image-807\" srcset=\"https:\/\/www.lacerisesurlecochon.fr\/wp-content\/uploads\/2025\/06\/Vin.jpg 1020w, https:\/\/www.lacerisesurlecochon.fr\/wp-content\/uploads\/2025\/06\/Vin-300x288.jpg 300w, https:\/\/www.lacerisesurlecochon.fr\/wp-content\/uploads\/2025\/06\/Vin-768x738.jpg 768w, https:\/\/www.lacerisesurlecochon.fr\/wp-content\/uploads\/2025\/06\/Vin-416x400.jpg 416w\" sizes=\"auto, (max-width: 1020px) 100vw, 1020px\" \/><figcaption class=\"wp-element-caption\">Pr\u00e9paration des ingr\u00e9dients<\/figcaption><\/figure>\n\n\n\n<figure class=\"wp-block-image size-large\"><img loading=\"lazy\" decoding=\"async\" width=\"1024\" height=\"760\" data-id=\"799\" src=\"https:\/\/www.lacerisesurlecochon.fr\/wp-content\/uploads\/2025\/06\/Doseuse-1024x760.jpg\" alt=\"\" class=\"wp-image-799\" srcset=\"https:\/\/www.lacerisesurlecochon.fr\/wp-content\/uploads\/2025\/06\/Doseuse-1024x760.jpg 1024w, https:\/\/www.lacerisesurlecochon.fr\/wp-content\/uploads\/2025\/06\/Doseuse-300x223.jpg 300w, https:\/\/www.lacerisesurlecochon.fr\/wp-content\/uploads\/2025\/06\/Doseuse-768x570.jpg 768w, https:\/\/www.lacerisesurlecochon.fr\/wp-content\/uploads\/2025\/06\/Doseuse-416x309.jpg 416w, https:\/\/www.lacerisesurlecochon.fr\/wp-content\/uploads\/2025\/06\/Doseuse.jpg 1320w\" sizes=\"auto, (max-width: 1024px) 100vw, 1024px\" \/><figcaption class=\"wp-element-caption\">Remplissage des bocaux<\/figcaption><\/figure>\n\n\n\n<figure class=\"wp-block-image size-large\"><img loading=\"lazy\" decoding=\"async\" width=\"1024\" height=\"823\" data-id=\"805\" src=\"https:\/\/www.lacerisesurlecochon.fr\/wp-content\/uploads\/2025\/06\/Melange-2-1024x823.jpg\" alt=\"\" class=\"wp-image-805\" srcset=\"https:\/\/www.lacerisesurlecochon.fr\/wp-content\/uploads\/2025\/06\/Melange-2-1024x823.jpg 1024w, https:\/\/www.lacerisesurlecochon.fr\/wp-content\/uploads\/2025\/06\/Melange-2-300x241.jpg 300w, https:\/\/www.lacerisesurlecochon.fr\/wp-content\/uploads\/2025\/06\/Melange-2-768x617.jpg 768w, https:\/\/www.lacerisesurlecochon.fr\/wp-content\/uploads\/2025\/06\/Melange-2-416x334.jpg 416w, https:\/\/www.lacerisesurlecochon.fr\/wp-content\/uploads\/2025\/06\/Melange-2.jpg 1220w\" sizes=\"auto, (max-width: 1024px) 100vw, 1024px\" \/><figcaption class=\"wp-element-caption\">M\u00e9lange de la m\u00eal\u00e9e<\/figcaption><\/figure>\n\n\n\n<figure class=\"wp-block-image size-large\"><img loading=\"lazy\" decoding=\"async\" width=\"1024\" height=\"583\" data-id=\"803\" src=\"https:\/\/www.lacerisesurlecochon.fr\/wp-content\/uploads\/2025\/06\/Fermeture-bocal-1024x583.jpg\" alt=\"\" class=\"wp-image-803\" srcset=\"https:\/\/www.lacerisesurlecochon.fr\/wp-content\/uploads\/2025\/06\/Fermeture-bocal-1024x583.jpg 1024w, https:\/\/www.lacerisesurlecochon.fr\/wp-content\/uploads\/2025\/06\/Fermeture-bocal-300x171.jpg 300w, https:\/\/www.lacerisesurlecochon.fr\/wp-content\/uploads\/2025\/06\/Fermeture-bocal-768x438.jpg 768w, https:\/\/www.lacerisesurlecochon.fr\/wp-content\/uploads\/2025\/06\/Fermeture-bocal-1536x875.jpg 1536w, https:\/\/www.lacerisesurlecochon.fr\/wp-content\/uploads\/2025\/06\/Fermeture-bocal-416x237.jpg 416w, https:\/\/www.lacerisesurlecochon.fr\/wp-content\/uploads\/2025\/06\/Fermeture-bocal.jpg 1720w\" sizes=\"auto, (max-width: 1024px) 100vw, 1024px\" \/><figcaption class=\"wp-element-caption\">Fermeture des bocaux<\/figcaption><\/figure>\n\n\n\n<figure class=\"wp-block-image size-large\"><img loading=\"lazy\" decoding=\"async\" width=\"1024\" height=\"784\" data-id=\"797\" src=\"https:\/\/www.lacerisesurlecochon.fr\/wp-content\/uploads\/2025\/06\/Decoupe-gorge-1024x784.jpg\" alt=\"\" class=\"wp-image-797\" srcset=\"https:\/\/www.lacerisesurlecochon.fr\/wp-content\/uploads\/2025\/06\/Decoupe-gorge-1024x784.jpg 1024w, https:\/\/www.lacerisesurlecochon.fr\/wp-content\/uploads\/2025\/06\/Decoupe-gorge-300x230.jpg 300w, https:\/\/www.lacerisesurlecochon.fr\/wp-content\/uploads\/2025\/06\/Decoupe-gorge-768x588.jpg 768w, https:\/\/www.lacerisesurlecochon.fr\/wp-content\/uploads\/2025\/06\/Decoupe-gorge-416x319.jpg 416w, https:\/\/www.lacerisesurlecochon.fr\/wp-content\/uploads\/2025\/06\/Decoupe-gorge.jpg 1280w\" sizes=\"auto, (max-width: 1024px) 100vw, 1024px\" \/><figcaption class=\"wp-element-caption\">Pr\u00e9paration de la viande<\/figcaption><\/figure>\n\n\n\n<figure class=\"wp-block-image size-large\"><img loading=\"lazy\" decoding=\"async\" width=\"1024\" height=\"707\" data-id=\"801\" src=\"https:\/\/www.lacerisesurlecochon.fr\/wp-content\/uploads\/2025\/06\/Etiquetage-1024x707.jpg\" alt=\"\" class=\"wp-image-801\" srcset=\"https:\/\/www.lacerisesurlecochon.fr\/wp-content\/uploads\/2025\/06\/Etiquetage-1024x707.jpg 1024w, https:\/\/www.lacerisesurlecochon.fr\/wp-content\/uploads\/2025\/06\/Etiquetage-300x207.jpg 300w, https:\/\/www.lacerisesurlecochon.fr\/wp-content\/uploads\/2025\/06\/Etiquetage-768x530.jpg 768w, https:\/\/www.lacerisesurlecochon.fr\/wp-content\/uploads\/2025\/06\/Etiquetage-416x287.jpg 416w, https:\/\/www.lacerisesurlecochon.fr\/wp-content\/uploads\/2025\/06\/Etiquetage.jpg 1420w\" sizes=\"auto, (max-width: 1024px) 100vw, 1024px\" \/><figcaption class=\"wp-element-caption\">Etiquetage des bocaux<\/figcaption><\/figure>\n<\/figure>\n\n\n\n<h2 class=\"wp-block-heading has-text-color\" style=\"color:#861a22\"> Notre histoire <\/h2>\n\n\n<p>Nous sommes bourguignons de c\u0153ur et cuisinons avec passion les produits de notre terroir que nous partageons avec nos proches lors de repas pris l\u2019hiver au coin du feu ou sous la tonnelle aux beaux jours.<\/p>\n<p>Cette cuisine de nos produits du terroir m\u00e9langeant tradition, plaisir et convivialit\u00e9, nous avons d\u00e9cid\u00e9 de la faire partager au-del\u00e0 de notre cercle amical et familial.<\/p>\n<p>Nous avons \u00e9galement toujours \u00e9t\u00e9 des amoureux des produits du terroir d\u00e9couverts au fil de nos voyages chez des producteurs locaux. Un artisan conserveur \u00e0 c\u00f4t\u00e9 de Rodez nous a particuli\u00e8rement s\u00e9duit. C&rsquo;est ainsi qu&rsquo;a germ\u00e9 l\u2019id\u00e9e d\u2019en faire un jour notre m\u00e9tier.<\/p>\n<p>La Cerise sur le Cochon est donc n\u00e9e de notre volont\u00e9 de d\u00e9velopper une activit\u00e9 artisanale de terrines et de plats cuisin\u00e9s en conserves.<img loading=\"lazy\" decoding=\"async\" class=\"wp-image-153 alignright\" src=\"https:\/\/www.lacerisesurlecochon.fr\/wp-content\/uploads\/2020\/04\/Boudin-Noir-avec-pain.jpg\" alt=\"Boudin Noir\" width=\"440\" height=\"294\" srcset=\"https:\/\/www.lacerisesurlecochon.fr\/wp-content\/uploads\/2020\/04\/Boudin-Noir-avec-pain.jpg 1000w, https:\/\/www.lacerisesurlecochon.fr\/wp-content\/uploads\/2020\/04\/Boudin-Noir-avec-pain-300x200.jpg 300w, https:\/\/www.lacerisesurlecochon.fr\/wp-content\/uploads\/2020\/04\/Boudin-Noir-avec-pain-768x512.jpg 768w, https:\/\/www.lacerisesurlecochon.fr\/wp-content\/uploads\/2020\/04\/Boudin-Noir-avec-pain-416x277.jpg 416w\" sizes=\"auto, (max-width: 440px) 100vw, 440px\" \/><\/p>\n\n\n<h2 class=\"wp-block-heading has-text-color\" style=\"color:#861a22\"> Nos Valeurs<\/h2>\n\n\n<p><img loading=\"lazy\" decoding=\"async\" class=\"wp-image-69 alignleft\" src=\"https:\/\/www.lacerisesurlecochon.fr\/wp-content\/uploads\/2020\/02\/Logo-porc-fran\u00e7ais.png\" alt=\"Porc fran\u00e7ais\" width=\"150\" height=\"125\">Attentifs \u00e0 la satisfaction de nos clients, nous \u00e9laborons nos conserves \u00ab\u00a0comme \u00e0 la maison\u00a0\u00bb uniquement avec des produits de qualit\u00e9 dans le respect du go\u00fbt et des traditions. Nous les fabriquons avec des mati\u00e8res premi\u00e8res locales dans la mesure du possible (porc, volailles, vin, bi\u00e8re artisanale, moutarde \u00e0 l&rsquo;ancienne, l\u00e9gumes, &#8230;).<\/p>\n<p><img loading=\"lazy\" decoding=\"async\" class=\"alignnone  wp-image-69\" src=\"http:\/\/wp.lacerisesurlecochon.fr\/wp-content\/uploads\/2020\/02\/Logo-porc-fran\u00e7ais.png\" alt=\"\" width=\"110\" height=\"92\"><\/p>\n<p>Nous sommes tr\u00e8s attentifs \u00e0 la qualit\u00e9 et au bien-\u00eatre animal et utilisons par cons\u00e9quent du porc fermier Label Rouge \u00e9lev\u00e9 en plein air.<\/p>\n<p>Nos recettes sont \u00e9labor\u00e9es sans conservateurs, sans additifs ni gluten afin de privil\u00e9gier le go\u00fbt des mati\u00e8res premi\u00e8res que nous utilisons.<img loading=\"lazy\" decoding=\"async\" class=\"wp-image-166 alignright\" src=\"https:\/\/www.lacerisesurlecochon.fr\/wp-content\/uploads\/2020\/04\/Volaille-fran\u00e7aise.jpg\" alt=\"\" width=\"155\" height=\"157\" srcset=\"https:\/\/www.lacerisesurlecochon.fr\/wp-content\/uploads\/2020\/04\/Volaille-fran\u00e7aise.jpg 636w, https:\/\/www.lacerisesurlecochon.fr\/wp-content\/uploads\/2020\/04\/Volaille-fran\u00e7aise-296x300.jpg 296w, https:\/\/www.lacerisesurlecochon.fr\/wp-content\/uploads\/2020\/04\/Volaille-fran\u00e7aise-416x422.jpg 416w, https:\/\/www.lacerisesurlecochon.fr\/wp-content\/uploads\/2020\/04\/Volaille-fran\u00e7aise-100x100.jpg 100w\" sizes=\"auto, (max-width: 155px) 100vw, 155px\" \/><\/p>\n\n\n<h2 class=\"wp-block-heading has-text-color\" style=\"color:#861a22\"> La Conserverie<\/h2>\n\n\n<p>La conserverie est situ\u00e9e \u00e0 Pr\u00e9mery, au c\u0153ur de la Ni\u00e8vre (<em>entre Loire et Morvan !<\/em>).<\/p>\n<p>Bien entendu, nous travaillons dans le respect des normes d&rsquo;hygi\u00e8ne et nos produits sont r\u00e9guli\u00e8rement contr\u00f4l\u00e9s par un organisme d\u2019analyse ind\u00e9pendant.<\/p>\n<p>Nous fabriquons nos terrines et nos plats cuisin\u00e9s en petites quantit\u00e9s de fa\u00e7on manuelle.<\/p>","protected":false},"excerpt":{"rendered":"<p>Notre histoire Nous sommes bourguignons de c\u0153ur et cuisinons avec passion les produits de notre terroir que nous partageons avec nos proches lors de repas pris l\u2019hiver au coin du feu ou sous la tonnelle aux beaux jours. Cette cuisine de nos produits du terroir m\u00e9langeant tradition, plaisir et convivialit\u00e9, nous avons d\u00e9cid\u00e9 de la [&hellip;]<\/p>\n","protected":false},"author":1,"featured_media":0,"parent":0,"menu_order":0,"comment_status":"closed","ping_status":"closed","template":"","meta":{"footnotes":""},"class_list":["post-14","page","type-page","status-publish","hentry"],"_links":{"self":[{"href":"https:\/\/www.lacerisesurlecochon.fr\/index.php\/wp-json\/wp\/v2\/pages\/14","targetHints":{"allow":["GET"]}}],"collection":[{"href":"https:\/\/www.lacerisesurlecochon.fr\/index.php\/wp-json\/wp\/v2\/pages"}],"about":[{"href":"https:\/\/www.lacerisesurlecochon.fr\/index.php\/wp-json\/wp\/v2\/types\/page"}],"author":[{"embeddable":true,"href":"https:\/\/www.lacerisesurlecochon.fr\/index.php\/wp-json\/wp\/v2\/users\/1"}],"replies":[{"embeddable":true,"href":"https:\/\/www.lacerisesurlecochon.fr\/index.php\/wp-json\/wp\/v2\/comments?post=14"}],"version-history":[{"count":10,"href":"https:\/\/www.lacerisesurlecochon.fr\/index.php\/wp-json\/wp\/v2\/pages\/14\/revisions"}],"predecessor-version":[{"id":809,"href":"https:\/\/www.lacerisesurlecochon.fr\/index.php\/wp-json\/wp\/v2\/pages\/14\/revisions\/809"}],"wp:attachment":[{"href":"https:\/\/www.lacerisesurlecochon.fr\/index.php\/wp-json\/wp\/v2\/media?parent=14"}],"curies":[{"name":"wp","href":"https:\/\/api.w.org\/{rel}","templated":true}]}}

Présentation de la Conserverie

<figure class="wp-block-gallery aligncenter has-nested-images columns-4 wp-block-gallery-1 is-layout-flex wp-block-gallery-is-layout-flex">
<figure class="wp-block-image size-large"><img loading="lazy" decoding="async" width="1020" height="980" data-id="807" src="https://www.lacerisesurlecochon.fr/wp-content/uploads/2025/06/Vin.jpg" alt="Préparation de la recette avec un vin local" class="wp-image-807" srcset="https://www.lacerisesurlecochon.fr/wp-content/uploads/2025/06/Vin.jpg 1020w, https://www.lacerisesurlecochon.fr/wp-content/uploads/2025/06/Vin-300x288.jpg 300w, https://www.lacerisesurlecochon.fr/wp-content/uploads/2025/06/Vin-768x738.jpg 768w, https://www.lacerisesurlecochon.fr/wp-content/uploads/2025/06/Vin-416x400.jpg 416w" sizes="auto, (max-width: 1020px) 100vw, 1020px" /><figcaption class="wp-element-caption">Préparation des ingrédients</figcaption></figure>



<figure class="wp-block-image size-large"><img loading="lazy" decoding="async" width="1024" height="760" data-id="799" src="https://www.lacerisesurlecochon.fr/wp-content/uploads/2025/06/Doseuse-1024x760.jpg" alt="" class="wp-image-799" srcset="https://www.lacerisesurlecochon.fr/wp-content/uploads/2025/06/Doseuse-1024x760.jpg 1024w, https://www.lacerisesurlecochon.fr/wp-content/uploads/2025/06/Doseuse-300x223.jpg 300w, https://www.lacerisesurlecochon.fr/wp-content/uploads/2025/06/Doseuse-768x570.jpg 768w, https://www.lacerisesurlecochon.fr/wp-content/uploads/2025/06/Doseuse-416x309.jpg 416w, https://www.lacerisesurlecochon.fr/wp-content/uploads/2025/06/Doseuse.jpg 1320w" sizes="auto, (max-width: 1024px) 100vw, 1024px" /><figcaption class="wp-element-caption">Remplissage des bocaux</figcaption></figure>



<figure class="wp-block-image size-large"><img loading="lazy" decoding="async" width="1024" height="823" data-id="805" src="https://www.lacerisesurlecochon.fr/wp-content/uploads/2025/06/Melange-2-1024x823.jpg" alt="" class="wp-image-805" srcset="https://www.lacerisesurlecochon.fr/wp-content/uploads/2025/06/Melange-2-1024x823.jpg 1024w, https://www.lacerisesurlecochon.fr/wp-content/uploads/2025/06/Melange-2-300x241.jpg 300w, https://www.lacerisesurlecochon.fr/wp-content/uploads/2025/06/Melange-2-768x617.jpg 768w, https://www.lacerisesurlecochon.fr/wp-content/uploads/2025/06/Melange-2-416x334.jpg 416w, https://www.lacerisesurlecochon.fr/wp-content/uploads/2025/06/Melange-2.jpg 1220w" sizes="auto, (max-width: 1024px) 100vw, 1024px" /><figcaption class="wp-element-caption">Mélange de la mêlée</figcaption></figure>



<figure class="wp-block-image size-large"><img loading="lazy" decoding="async" width="1024" height="583" data-id="803" src="https://www.lacerisesurlecochon.fr/wp-content/uploads/2025/06/Fermeture-bocal-1024x583.jpg" alt="" class="wp-image-803" srcset="https://www.lacerisesurlecochon.fr/wp-content/uploads/2025/06/Fermeture-bocal-1024x583.jpg 1024w, https://www.lacerisesurlecochon.fr/wp-content/uploads/2025/06/Fermeture-bocal-300x171.jpg 300w, https://www.lacerisesurlecochon.fr/wp-content/uploads/2025/06/Fermeture-bocal-768x438.jpg 768w, https://www.lacerisesurlecochon.fr/wp-content/uploads/2025/06/Fermeture-bocal-1536x875.jpg 1536w, https://www.lacerisesurlecochon.fr/wp-content/uploads/2025/06/Fermeture-bocal-416x237.jpg 416w, https://www.lacerisesurlecochon.fr/wp-content/uploads/2025/06/Fermeture-bocal.jpg 1720w" sizes="auto, (max-width: 1024px) 100vw, 1024px" /><figcaption class="wp-element-caption">Fermeture des bocaux</figcaption></figure>



<figure class="wp-block-image size-large"><img loading="lazy" decoding="async" width="1024" height="784" data-id="797" src="https://www.lacerisesurlecochon.fr/wp-content/uploads/2025/06/Decoupe-gorge-1024x784.jpg" alt="" class="wp-image-797" srcset="https://www.lacerisesurlecochon.fr/wp-content/uploads/2025/06/Decoupe-gorge-1024x784.jpg 1024w, https://www.lacerisesurlecochon.fr/wp-content/uploads/2025/06/Decoupe-gorge-300x230.jpg 300w, https://www.lacerisesurlecochon.fr/wp-content/uploads/2025/06/Decoupe-gorge-768x588.jpg 768w, https://www.lacerisesurlecochon.fr/wp-content/uploads/2025/06/Decoupe-gorge-416x319.jpg 416w, https://www.lacerisesurlecochon.fr/wp-content/uploads/2025/06/Decoupe-gorge.jpg 1280w" sizes="auto, (max-width: 1024px) 100vw, 1024px" /><figcaption class="wp-element-caption">Préparation de la viande</figcaption></figure>



<figure class="wp-block-image size-large"><img loading="lazy" decoding="async" width="1024" height="707" data-id="801" src="https://www.lacerisesurlecochon.fr/wp-content/uploads/2025/06/Etiquetage-1024x707.jpg" alt="" class="wp-image-801" srcset="https://www.lacerisesurlecochon.fr/wp-content/uploads/2025/06/Etiquetage-1024x707.jpg 1024w, https://www.lacerisesurlecochon.fr/wp-content/uploads/2025/06/Etiquetage-300x207.jpg 300w, https://www.lacerisesurlecochon.fr/wp-content/uploads/2025/06/Etiquetage-768x530.jpg 768w, https://www.lacerisesurlecochon.fr/wp-content/uploads/2025/06/Etiquetage-416x287.jpg 416w, https://www.lacerisesurlecochon.fr/wp-content/uploads/2025/06/Etiquetage.jpg 1420w" sizes="auto, (max-width: 1024px) 100vw, 1024px" /><figcaption class="wp-element-caption">Etiquetage des bocaux</figcaption></figure>
</figure>



<h2 class="wp-block-heading has-text-color" style="color:#861a22"> Notre histoire </h2>


<p>Nous sommes bourguignons de cœur et cuisinons avec passion les produits de notre terroir que nous partageons avec nos proches lors de repas pris l’hiver au coin du feu ou sous la tonnelle aux beaux jours.</p>
<p>Cette cuisine de nos produits du terroir mélangeant tradition, plaisir et convivialité, nous avons décidé de la faire partager au-delà de notre cercle amical et familial.</p>
<p>Nous avons également toujours été des amoureux des produits du terroir découverts au fil de nos voyages chez des producteurs locaux. Un artisan conserveur à côté de Rodez nous a particulièrement séduit. C&rsquo;est ainsi qu&rsquo;a germé l’idée d’en faire un jour notre métier.</p>
<p>La Cerise sur le Cochon est donc née de notre volonté de développer une activité artisanale de terrines et de plats cuisinés en conserves.<img loading="lazy" decoding="async" class="wp-image-153 alignright" src="https://www.lacerisesurlecochon.fr/wp-content/uploads/2020/04/Boudin-Noir-avec-pain.jpg" alt="Boudin Noir" width="440" height="294" srcset="https://www.lacerisesurlecochon.fr/wp-content/uploads/2020/04/Boudin-Noir-avec-pain.jpg 1000w, https://www.lacerisesurlecochon.fr/wp-content/uploads/2020/04/Boudin-Noir-avec-pain-300x200.jpg 300w, https://www.lacerisesurlecochon.fr/wp-content/uploads/2020/04/Boudin-Noir-avec-pain-768x512.jpg 768w, https://www.lacerisesurlecochon.fr/wp-content/uploads/2020/04/Boudin-Noir-avec-pain-416x277.jpg 416w" sizes="auto, (max-width: 440px) 100vw, 440px" /></p>


<h2 class="wp-block-heading has-text-color" style="color:#861a22"> Nos Valeurs</h2>


<p><img loading="lazy" decoding="async" class="wp-image-69 alignleft" src="https://www.lacerisesurlecochon.fr/wp-content/uploads/2020/02/Logo-porc-français.png" alt="Porc français" width="150" height="125">Attentifs à la satisfaction de nos clients, nous élaborons nos conserves « comme à la maison » uniquement avec des produits de qualité dans le respect du goût et des traditions. Nous les fabriquons avec des matières premières locales dans la mesure du possible (porc, volailles, vin, bière artisanale, moutarde à l&rsquo;ancienne, légumes, &#8230;).</p>
<p><img loading="lazy" decoding="async" class="alignnone  wp-image-69" src="http://wp.lacerisesurlecochon.fr/wp-content/uploads/2020/02/Logo-porc-français.png" alt="" width="110" height="92"></p>
<p>Nous sommes très attentifs à la qualité et au bien-être animal et utilisons par conséquent du porc fermier Label Rouge élevé en plein air.</p>
<p>Nos recettes sont élaborées sans conservateurs, sans additifs ni gluten afin de privilégier le goût des matières premières que nous utilisons.<img loading="lazy" decoding="async" class="wp-image-166 alignright" src="https://www.lacerisesurlecochon.fr/wp-content/uploads/2020/04/Volaille-française.jpg" alt="" width="155" height="157" srcset="https://www.lacerisesurlecochon.fr/wp-content/uploads/2020/04/Volaille-française.jpg 636w, https://www.lacerisesurlecochon.fr/wp-content/uploads/2020/04/Volaille-française-296x300.jpg 296w, https://www.lacerisesurlecochon.fr/wp-content/uploads/2020/04/Volaille-française-416x422.jpg 416w, https://www.lacerisesurlecochon.fr/wp-content/uploads/2020/04/Volaille-française-100x100.jpg 100w" sizes="auto, (max-width: 155px) 100vw, 155px" /></p>


<h2 class="wp-block-heading has-text-color" style="color:#861a22"> La Conserverie</h2>


<p>La conserverie est située à Prémery, au cœur de la Nièvre (<em>entre Loire et Morvan !</em>).</p>
<p>Bien entendu, nous travaillons dans le respect des normes d&rsquo;hygiène et nos produits sont régulièrement contrôlés par un organisme d’analyse indépendant.</p>
<p>Nous fabriquons nos terrines et nos plats cuisinés en petites quantités de façon manuelle.</p>

<p>Notre histoire Nous sommes bourguignons de cœur et cuisinons avec passion les produits de notre terroir que nous partageons avec nos proches lors de repas pris l’hiver au coin du feu ou sous la tonnelle aux beaux jours. Cette cuisine de nos produits du terroir mélangeant tradition, plaisir et convivialité, nous avons décidé de la [&hellip;]</p>
