{"id":365,"date":"2020-10-31T18:31:01","date_gmt":"2020-10-31T17:31:01","guid":{"rendered":"https:\/\/www.lacerisesurlecochon.fr\/?post_type=product&#038;p=365"},"modified":"2025-02-26T09:59:48","modified_gmt":"2025-02-26T08:59:48","slug":"terrine-de-chevreuil-aux-baies-roses","status":"publish","type":"product","link":"https:\/\/www.lacerisesurlecochon.fr\/index.php\/produit\/terrine-de-chevreuil-aux-baies-roses\/","title":{"rendered":"Terrine de Chevreuil au Mercurey"},"content":{"rendered":"<p><strong>Recette cuisin\u00e9e avec : du chevreuil de chasse, du porc \u00e9lev\u00e9 en plein air, du <u>vin Mercurey<\/u>, des oignons, des baies roses, du sel et du poivre.<\/strong><\/p>\n<p><span style=\"color: #861a22;\"><em>La finesse du chevreuil et la puissance du Mercurey, quel beau mariage !<\/em><\/span><\/p>\n","protected":false},"excerpt":{"rendered":"<p>Recette cuisin\u00e9e avec : du chevreuil de chasse, du porc \u00e9lev\u00e9 en plein air, du vin Mercurey, des oignons, des baies roses, du sel et du poivre. La finesse du chevreuil et la puissance du Mercurey, quel beau mariage !<\/p>\n","protected":false},"featured_media":598,"template":"","meta":[],"product_brand":[],"product_cat":[21,18,25],"product_tag":[],"class_list":{"0":"post-365","1":"product","2":"type-product","3":"status-publish","4":"has-post-thumbnail","6":"product_cat-gibier","7":"product_cat-bourguignonnes","8":"product_cat-nouveau","10":"first","11":"instock","12":"shipping-taxable","13":"purchasable","14":"product-type-variable"},"_links":{"self":[{"href":"https:\/\/www.lacerisesurlecochon.fr\/index.php\/wp-json\/wp\/v2\/product\/365","targetHints":{"allow":["GET"]}}],"collection":[{"href":"https:\/\/www.lacerisesurlecochon.fr\/index.php\/wp-json\/wp\/v2\/product"}],"about":[{"href":"https:\/\/www.lacerisesurlecochon.fr\/index.php\/wp-json\/wp\/v2\/types\/product"}],"wp:featuredmedia":[{"embeddable":true,"href":"https:\/\/www.lacerisesurlecochon.fr\/index.php\/wp-json\/wp\/v2\/media\/598"}],"wp:attachment":[{"href":"https:\/\/www.lacerisesurlecochon.fr\/index.php\/wp-json\/wp\/v2\/media?parent=365"}],"wp:term":[{"taxonomy":"product_brand","embeddable":true,"href":"https:\/\/www.lacerisesurlecochon.fr\/index.php\/wp-json\/wp\/v2\/product_brand?post=365"},{"taxonomy":"product_cat","embeddable":true,"href":"https:\/\/www.lacerisesurlecochon.fr\/index.php\/wp-json\/wp\/v2\/product_cat?post=365"},{"taxonomy":"product_tag","embeddable":true,"href":"https:\/\/www.lacerisesurlecochon.fr\/index.php\/wp-json\/wp\/v2\/product_tag?post=365"}],"curies":[{"name":"wp","href":"https:\/\/api.w.org\/{rel}","templated":true}]}}