{"id":39,"date":"2020-02-04T19:15:21","date_gmt":"2020-02-04T18:15:21","guid":{"rendered":"http:\/\/wp.lacerisesurlecochon.fr\/?post_type=product&#038;p=39"},"modified":"2025-02-26T10:31:02","modified_gmt":"2025-02-26T09:31:02","slug":"mousse-de-foie-de-volailles-aux-morilles","status":"publish","type":"product","link":"https:\/\/www.lacerisesurlecochon.fr\/index.php\/produit\/mousse-de-foie-de-volailles-aux-morilles\/","title":{"rendered":"Mousse de Foie de Volailles aux Morilles"},"content":{"rendered":"<p><strong>Recette cuisin\u00e9e avec : des foies de volailles, du gras de porc \u00e9lev\u00e9 en plein air, du <u>lait<\/u>, des morilles, des champignons, des oignons, du sel et du poivre.<\/strong><\/p>\n<p><span style=\"color: #861a22;\"><em>La saveur de la morille dans une mousse de foie riche en go\u00fbt !<\/em><\/span><\/p>\n","protected":false},"excerpt":{"rendered":"<p>Recette cuisin\u00e9e avec : des foies de volailles, du gras de porc \u00e9lev\u00e9 en plein air, du lait, des morilles, des champignons, des oignons, du sel et du poivre. La saveur de la morille dans une mousse de foie riche en go\u00fbt !<\/p>\n","protected":false},"featured_media":520,"template":"","meta":[],"product_brand":[],"product_cat":[30],"product_tag":[],"class_list":{"0":"post-39","1":"product","2":"type-product","3":"status-publish","4":"has-post-thumbnail","6":"product_cat-volailles","8":"first","9":"instock","10":"shipping-taxable","11":"purchasable","12":"product-type-variable"},"_links":{"self":[{"href":"https:\/\/www.lacerisesurlecochon.fr\/index.php\/wp-json\/wp\/v2\/product\/39","targetHints":{"allow":["GET"]}}],"collection":[{"href":"https:\/\/www.lacerisesurlecochon.fr\/index.php\/wp-json\/wp\/v2\/product"}],"about":[{"href":"https:\/\/www.lacerisesurlecochon.fr\/index.php\/wp-json\/wp\/v2\/types\/product"}],"wp:featuredmedia":[{"embeddable":true,"href":"https:\/\/www.lacerisesurlecochon.fr\/index.php\/wp-json\/wp\/v2\/media\/520"}],"wp:attachment":[{"href":"https:\/\/www.lacerisesurlecochon.fr\/index.php\/wp-json\/wp\/v2\/media?parent=39"}],"wp:term":[{"taxonomy":"product_brand","embeddable":true,"href":"https:\/\/www.lacerisesurlecochon.fr\/index.php\/wp-json\/wp\/v2\/product_brand?post=39"},{"taxonomy":"product_cat","embeddable":true,"href":"https:\/\/www.lacerisesurlecochon.fr\/index.php\/wp-json\/wp\/v2\/product_cat?post=39"},{"taxonomy":"product_tag","embeddable":true,"href":"https:\/\/www.lacerisesurlecochon.fr\/index.php\/wp-json\/wp\/v2\/product_tag?post=39"}],"curies":[{"name":"wp","href":"https:\/\/api.w.org\/{rel}","templated":true}]}}