{"id":40,"date":"2020-02-04T19:16:24","date_gmt":"2020-02-04T18:16:24","guid":{"rendered":"http:\/\/wp.lacerisesurlecochon.fr\/?post_type=product&#038;p=40"},"modified":"2025-02-26T10:29:36","modified_gmt":"2025-02-26T09:29:36","slug":"rillettes-de-saumon-aux-epices-douces","status":"publish","type":"product","link":"https:\/\/www.lacerisesurlecochon.fr\/index.php\/produit\/rillettes-de-saumon-aux-epices-douces\/","title":{"rendered":"Rillettes de Saumon aux Epices Douces"},"content":{"rendered":"<p><b>Recette cuisin\u00e9e avec : du filet de <u>saumon<\/u> de p\u00eache en mer, de la <u>cr\u00e8me fra\u00eeche<\/u>, du <u>vin blanc<\/u>, des oignons, de l\u2019huile d\u2019olive, du jus de citron, du sel, du cumin, du curcuma.<\/b><\/p>\n<p><span style=\"color: #861a22;\"><em>Cuisin\u00e9es avec du saumon de p\u00eache en mer et sans autres poissons !<\/em><\/span><\/p>\n","protected":false},"excerpt":{"rendered":"<p>Recette cuisin\u00e9e avec : du filet de saumon de p\u00eache en mer, de la cr\u00e8me fra\u00eeche, du vin blanc, des oignons, de l\u2019huile d\u2019olive, du jus de citron, du sel, du cumin, du curcuma. Cuisin\u00e9es avec du saumon de p\u00eache en mer et sans autres poissons !<\/p>\n","protected":false},"featured_media":519,"template":"","meta":[],"product_brand":[],"product_cat":[26,28],"product_tag":[],"class_list":{"0":"post-40","1":"product","2":"type-product","3":"status-publish","4":"has-post-thumbnail","6":"product_cat-poisson","7":"product_cat-sans-porc","9":"first","10":"instock","11":"shipping-taxable","12":"purchasable","13":"product-type-variable"},"_links":{"self":[{"href":"https:\/\/www.lacerisesurlecochon.fr\/index.php\/wp-json\/wp\/v2\/product\/40","targetHints":{"allow":["GET"]}}],"collection":[{"href":"https:\/\/www.lacerisesurlecochon.fr\/index.php\/wp-json\/wp\/v2\/product"}],"about":[{"href":"https:\/\/www.lacerisesurlecochon.fr\/index.php\/wp-json\/wp\/v2\/types\/product"}],"wp:featuredmedia":[{"embeddable":true,"href":"https:\/\/www.lacerisesurlecochon.fr\/index.php\/wp-json\/wp\/v2\/media\/519"}],"wp:attachment":[{"href":"https:\/\/www.lacerisesurlecochon.fr\/index.php\/wp-json\/wp\/v2\/media?parent=40"}],"wp:term":[{"taxonomy":"product_brand","embeddable":true,"href":"https:\/\/www.lacerisesurlecochon.fr\/index.php\/wp-json\/wp\/v2\/product_brand?post=40"},{"taxonomy":"product_cat","embeddable":true,"href":"https:\/\/www.lacerisesurlecochon.fr\/index.php\/wp-json\/wp\/v2\/product_cat?post=40"},{"taxonomy":"product_tag","embeddable":true,"href":"https:\/\/www.lacerisesurlecochon.fr\/index.php\/wp-json\/wp\/v2\/product_tag?post=40"}],"curies":[{"name":"wp","href":"https:\/\/api.w.org\/{rel}","templated":true}]}}