{"id":50,"date":"2020-02-04T19:25:50","date_gmt":"2020-02-04T18:25:50","guid":{"rendered":"http:\/\/wp.lacerisesurlecochon.fr\/?post_type=product&#038;p=50"},"modified":"2025-02-26T10:23:32","modified_gmt":"2025-02-26T09:23:32","slug":"terrine-de-pintade-au-marc-de-bourgogne","status":"publish","type":"product","link":"https:\/\/www.lacerisesurlecochon.fr\/index.php\/produit\/terrine-de-pintade-au-marc-de-bourgogne\/","title":{"rendered":"Terrine de Pintade au Marc de Bourgogne"},"content":{"rendered":"<p><strong>Recette cuisin\u00e9e avec : de la pintade, du porc \u00e9lev\u00e9 en plein air, des foies de volaille, des oignons, du <u>vin blanc<\/u>, du <u>Marc de Bourgogne<\/u>, du sel et du poivre.<\/strong><\/p>\n<p><span style=\"color: #861a22;\"><em>Viande go\u00fbteuse rehauss\u00e9e par le Marc de Bourgogne !<\/em><\/span><\/p>\n","protected":false},"excerpt":{"rendered":"<p>Recette cuisin\u00e9e avec : de la pintade, du porc \u00e9lev\u00e9 en plein air, des foies de volaille, des oignons, du vin blanc, du Marc de Bourgogne, du sel et du poivre. Viande go\u00fbteuse rehauss\u00e9e par le Marc de Bourgogne !<\/p>\n","protected":false},"featured_media":510,"template":"","meta":[],"product_brand":[],"product_cat":[30,18],"product_tag":[],"class_list":{"0":"post-50","1":"product","2":"type-product","3":"status-publish","4":"has-post-thumbnail","6":"product_cat-volailles","7":"product_cat-bourguignonnes","9":"first","10":"instock","11":"shipping-taxable","12":"purchasable","13":"product-type-variable"},"_links":{"self":[{"href":"https:\/\/www.lacerisesurlecochon.fr\/index.php\/wp-json\/wp\/v2\/product\/50","targetHints":{"allow":["GET"]}}],"collection":[{"href":"https:\/\/www.lacerisesurlecochon.fr\/index.php\/wp-json\/wp\/v2\/product"}],"about":[{"href":"https:\/\/www.lacerisesurlecochon.fr\/index.php\/wp-json\/wp\/v2\/types\/product"}],"wp:featuredmedia":[{"embeddable":true,"href":"https:\/\/www.lacerisesurlecochon.fr\/index.php\/wp-json\/wp\/v2\/media\/510"}],"wp:attachment":[{"href":"https:\/\/www.lacerisesurlecochon.fr\/index.php\/wp-json\/wp\/v2\/media?parent=50"}],"wp:term":[{"taxonomy":"product_brand","embeddable":true,"href":"https:\/\/www.lacerisesurlecochon.fr\/index.php\/wp-json\/wp\/v2\/product_brand?post=50"},{"taxonomy":"product_cat","embeddable":true,"href":"https:\/\/www.lacerisesurlecochon.fr\/index.php\/wp-json\/wp\/v2\/product_cat?post=50"},{"taxonomy":"product_tag","embeddable":true,"href":"https:\/\/www.lacerisesurlecochon.fr\/index.php\/wp-json\/wp\/v2\/product_tag?post=50"}],"curies":[{"name":"wp","href":"https:\/\/api.w.org\/{rel}","templated":true}]}}