{"id":51,"date":"2020-02-04T19:26:45","date_gmt":"2020-02-04T18:26:45","guid":{"rendered":"http:\/\/wp.lacerisesurlecochon.fr\/?post_type=product&#038;p=51"},"modified":"2025-02-26T10:22:54","modified_gmt":"2025-02-26T09:22:54","slug":"terrine-de-canard-au-poivre-vert","status":"publish","type":"product","link":"https:\/\/www.lacerisesurlecochon.fr\/index.php\/produit\/terrine-de-canard-au-poivre-vert\/","title":{"rendered":"Terrine de Canard au Poivre Vert"},"content":{"rendered":"<p><strong>Recette cuisin\u00e9e avec : du canard, du porc \u00e9lev\u00e9 en plein air, des oignons, du <u>vin blanc<\/u>, du <u>Mad\u00e8re<\/u>, du sel et du poivre vert frais entier.<\/strong><\/p>\n<p><span style=\"color: #861a22;\"><em>Poivre vert frais savamment dos\u00e9 afin de conserver le gout du canard\u00a0!<\/em><\/span><\/p>\n","protected":false},"excerpt":{"rendered":"<p>Recette cuisin\u00e9e avec : du canard, du porc \u00e9lev\u00e9 en plein air, des oignons, du vin blanc, du Mad\u00e8re, du sel et du poivre vert frais entier. Poivre vert frais savamment dos\u00e9 afin de conserver le gout du canard\u00a0!<\/p>\n","protected":false},"featured_media":509,"template":"","meta":[],"product_brand":[],"product_cat":[30],"product_tag":[],"class_list":{"0":"post-51","1":"product","2":"type-product","3":"status-publish","4":"has-post-thumbnail","6":"product_cat-volailles","8":"first","9":"instock","10":"shipping-taxable","11":"purchasable","12":"product-type-variable"},"_links":{"self":[{"href":"https:\/\/www.lacerisesurlecochon.fr\/index.php\/wp-json\/wp\/v2\/product\/51","targetHints":{"allow":["GET"]}}],"collection":[{"href":"https:\/\/www.lacerisesurlecochon.fr\/index.php\/wp-json\/wp\/v2\/product"}],"about":[{"href":"https:\/\/www.lacerisesurlecochon.fr\/index.php\/wp-json\/wp\/v2\/types\/product"}],"wp:featuredmedia":[{"embeddable":true,"href":"https:\/\/www.lacerisesurlecochon.fr\/index.php\/wp-json\/wp\/v2\/media\/509"}],"wp:attachment":[{"href":"https:\/\/www.lacerisesurlecochon.fr\/index.php\/wp-json\/wp\/v2\/media?parent=51"}],"wp:term":[{"taxonomy":"product_brand","embeddable":true,"href":"https:\/\/www.lacerisesurlecochon.fr\/index.php\/wp-json\/wp\/v2\/product_brand?post=51"},{"taxonomy":"product_cat","embeddable":true,"href":"https:\/\/www.lacerisesurlecochon.fr\/index.php\/wp-json\/wp\/v2\/product_cat?post=51"},{"taxonomy":"product_tag","embeddable":true,"href":"https:\/\/www.lacerisesurlecochon.fr\/index.php\/wp-json\/wp\/v2\/product_tag?post=51"}],"curies":[{"name":"wp","href":"https:\/\/api.w.org\/{rel}","templated":true}]}}

<p><strong>Recette cuisinée avec : du canard, du porc élevé en plein air, des oignons, du <u>vin blanc</u>, du <u>Madère</u>, du sel et du poivre vert frais entier.</strong></p>
<p><span style="color: #861a22;"><em>Poivre vert frais savamment dosé afin de conserver le gout du canard !</em></span></p>

<p>Recette cuisinée avec : du canard, du porc élevé en plein air, des oignons, du vin blanc, du Madère, du sel et du poivre vert frais entier. Poivre vert frais savamment dosé afin de conserver le gout du canard !</p>
